{"id":2199,"date":"2026-01-05T16:55:45","date_gmt":"2026-01-05T15:55:45","guid":{"rendered":"https:\/\/aasbena.fr\/?page_id=2199"},"modified":"2026-01-05T21:41:30","modified_gmt":"2026-01-05T20:41:30","slug":"sessions-de-formation-hypnose-pnl-dates-inscriptions","status":"publish","type":"page","link":"https:\/\/aasbena.fr\/index.php\/sessions-de-formation-hypnose-pnl-dates-inscriptions\/","title":{"rendered":"Sessions de formation Hypnose PNL \u2014 Dates &amp; inscriptions"},"content":{"rendered":"\t\t<div data-elementor-type=\"wp-page\" data-elementor-id=\"2199\" class=\"elementor elementor-2199\">\n\t\t\t\t\t\t\t<div class=\"elementor-element elementor-element-6242712 e-flex e-con-boxed e-con e-parent\" data-id=\"6242712\" data-element_type=\"container\" data-settings=\"{&quot;content_width&quot;:&quot;boxed&quot;}\" data-core-v316-plus=\"true\">\n\t\t\t\t\t<div class=\"e-con-inner\">\n\t\t\t\t<div class=\"elementor-element elementor-element-f901684 elementor-widget elementor-widget-heading\" data-id=\"f901684\" data-element_type=\"widget\" data-widget_type=\"heading.default\">\n\t\t\t\t<div class=\"elementor-widget-container\">\n\t\t\t<style>\/*! elementor - v3.17.0 - 08-11-2023 *\/\n.elementor-heading-title{padding:0;margin:0;line-height:1}.elementor-widget-heading .elementor-heading-title[class*=elementor-size-]>a{color:inherit;font-size:inherit;line-height:inherit}.elementor-widget-heading .elementor-heading-title.elementor-size-small{font-size:15px}.elementor-widget-heading .elementor-heading-title.elementor-size-medium{font-size:19px}.elementor-widget-heading .elementor-heading-title.elementor-size-large{font-size:29px}.elementor-widget-heading .elementor-heading-title.elementor-size-xl{font-size:39px}.elementor-widget-heading .elementor-heading-title.elementor-size-xxl{font-size:59px}<\/style><h1 class=\"elementor-heading-title elementor-size-default\">Formations Hypnose et PNL<br>Sessions \u00e0 venir \u2014 M\u00e9tropole &amp; Cara\u00efbes<\/h1>\t\t<\/div>\n\t\t\t\t<\/div>\n\t\t\t\t\t<\/div>\n\t\t\t\t<\/div>\n\t\t<div class=\"elementor-element elementor-element-23f87b5 e-flex e-con-boxed e-con e-parent\" data-id=\"23f87b5\" data-element_type=\"container\" data-settings=\"{&quot;content_width&quot;:&quot;boxed&quot;}\" data-core-v316-plus=\"true\">\n\t\t\t\t\t<div class=\"e-con-inner\">\n\t\t\t\t<div class=\"elementor-element elementor-element-793921e elementor-widget elementor-widget-heading\" data-id=\"793921e\" data-element_type=\"widget\" data-widget_type=\"heading.default\">\n\t\t\t\t<div class=\"elementor-widget-container\">\n\t\t\t<h2 class=\"elementor-heading-title elementor-size-default\">Zone M\u00e9tropole (Entre Paris\u2013Chartres\u2013Orl\u00e9ans)<\/h2>\t\t<\/div>\n\t\t\t\t<\/div>\n\t\t\t\t<div class=\"elementor-element elementor-element-84ccda3 elementor-align-center elementor-widget elementor-widget-button\" data-id=\"84ccda3\" data-element_type=\"widget\" data-widget_type=\"button.default\">\n\t\t\t\t<div class=\"elementor-widget-container\">\n\t\t\t\t\t<div class=\"elementor-button-wrapper\">\n\t\t\t<a class=\"elementor-button elementor-button-link elementor-size-sm\" href=\"https:\/\/aasbena.fr\/index.php\/formations-hypnose-pnl-documents-dinscription-infos-pratiques\/\">\n\t\t\t\t\t\t<span class=\"elementor-button-content-wrapper\">\n\t\t\t\t\t\t<span class=\"elementor-button-text\">s'inscrire<\/span>\n\t\t<\/span>\n\t\t\t\t\t<\/a>\n\t\t<\/div>\n\t\t\t\t<\/div>\n\t\t\t\t<\/div>\n\t\t\t\t<div class=\"elementor-element elementor-element-5d46523 elementor-widget elementor-widget-accordion\" data-id=\"5d46523\" data-element_type=\"widget\" data-widget_type=\"accordion.default\">\n\t\t\t\t<div class=\"elementor-widget-container\">\n\t\t\t<style>\/*! elementor - v3.17.0 - 08-11-2023 *\/\n.elementor-accordion{text-align:left}.elementor-accordion .elementor-accordion-item{border:1px solid #d5d8dc}.elementor-accordion .elementor-accordion-item+.elementor-accordion-item{border-top:none}.elementor-accordion .elementor-tab-title{margin:0;padding:15px 20px;font-weight:700;line-height:1;cursor:pointer;outline:none}.elementor-accordion .elementor-tab-title .elementor-accordion-icon{display:inline-block;width:1.5em}.elementor-accordion .elementor-tab-title .elementor-accordion-icon svg{width:1em;height:1em}.elementor-accordion .elementor-tab-title .elementor-accordion-icon.elementor-accordion-icon-right{float:right;text-align:right}.elementor-accordion .elementor-tab-title .elementor-accordion-icon.elementor-accordion-icon-left{float:left;text-align:left}.elementor-accordion .elementor-tab-title .elementor-accordion-icon .elementor-accordion-icon-closed{display:block}.elementor-accordion .elementor-tab-title .elementor-accordion-icon .elementor-accordion-icon-opened,.elementor-accordion .elementor-tab-title.elementor-active .elementor-accordion-icon-closed{display:none}.elementor-accordion .elementor-tab-title.elementor-active .elementor-accordion-icon-opened{display:block}.elementor-accordion .elementor-tab-content{display:none;padding:15px 20px;border-top:1px solid #d5d8dc}@media (max-width:767px){.elementor-accordion .elementor-tab-title{padding:12px 15px}.elementor-accordion .elementor-tab-title .elementor-accordion-icon{width:1.2em}.elementor-accordion .elementor-tab-content{padding:7px 15px}}.e-con-inner>.elementor-widget-accordion,.e-con>.elementor-widget-accordion{width:var(--container-widget-width);--flex-grow:var(--container-widget-flex-grow)}<\/style>\t\t<div class=\"elementor-accordion\">\n\t\t\t\t\t\t\t<div class=\"elementor-accordion-item\">\n\t\t\t\t\t<div id=\"elementor-tab-title-9781\" class=\"elementor-tab-title\" data-tab=\"1\" role=\"button\" aria-controls=\"elementor-tab-content-9781\" aria-expanded=\"false\">\n\t\t\t\t\t\t\t\t\t\t\t\t\t<span class=\"elementor-accordion-icon elementor-accordion-icon-left\" aria-hidden=\"true\">\n\t\t\t\t\t\t\t\t\t\t\t\t\t\t\t<span class=\"elementor-accordion-icon-closed\"><i class=\"fas fa-plus\"><\/i><\/span>\n\t\t\t\t\t\t\t\t<span class=\"elementor-accordion-icon-opened\"><i class=\"fas fa-minus\"><\/i><\/span>\n\t\t\t\t\t\t\t\t\t\t\t\t\t\t<\/span>\n\t\t\t\t\t\t\t\t\t\t\t\t<a class=\"elementor-accordion-title\" tabindex=\"0\">Printemps 2026<\/a>\n\t\t\t\t\t<\/div>\n\t\t\t\t\t<div id=\"elementor-tab-content-9781\" class=\"elementor-tab-content elementor-clearfix\" data-tab=\"1\" role=\"region\" aria-labelledby=\"elementor-tab-title-9781\"><p data-start=\"0\" data-end=\"86\"><strong data-start=\"0\" data-end=\"84\">Printemps 2026 \u2013 Niveau Technicien (60 h) \u2013 Formule 3 week-ends (Zone M\u00e9tropole)<\/strong><\/p><ul data-start=\"87\" data-end=\"271\"><li data-start=\"87\" data-end=\"129\"><p data-start=\"89\" data-end=\"129\"><strong data-start=\"89\" data-end=\"109\">18\u201319 avril 2026<\/strong> (samedi\/dimanche)<\/p><\/li><li data-start=\"130\" data-end=\"168\"><p data-start=\"132\" data-end=\"168\"><strong data-start=\"132\" data-end=\"148\">2\u20133 mai 2026<\/strong> (samedi\/dimanche)<\/p><\/li><li data-start=\"169\" data-end=\"271\"><p data-start=\"171\" data-end=\"271\"><strong data-start=\"171\" data-end=\"189\">16\u201317 mai 2026<\/strong> (samedi\/dimanche)<br data-start=\"207\" data-end=\"210\" \/>\ud83d\udccd <strong data-start=\"213\" data-end=\"221\">Lieu<\/strong> : 33, route d\u2019Artondu, <strong data-start=\"245\" data-end=\"271\">91150 Ormoy-la-Rivi\u00e8re<\/strong><\/p><\/li><\/ul><\/div>\n\t\t\t\t<\/div>\n\t\t\t\t\t\t\t<div class=\"elementor-accordion-item\">\n\t\t\t\t\t<div id=\"elementor-tab-title-9782\" class=\"elementor-tab-title\" data-tab=\"2\" role=\"button\" aria-controls=\"elementor-tab-content-9782\" aria-expanded=\"false\">\n\t\t\t\t\t\t\t\t\t\t\t\t\t<span class=\"elementor-accordion-icon elementor-accordion-icon-left\" aria-hidden=\"true\">\n\t\t\t\t\t\t\t\t\t\t\t\t\t\t\t<span class=\"elementor-accordion-icon-closed\"><i class=\"fas fa-plus\"><\/i><\/span>\n\t\t\t\t\t\t\t\t<span class=\"elementor-accordion-icon-opened\"><i class=\"fas fa-minus\"><\/i><\/span>\n\t\t\t\t\t\t\t\t\t\t\t\t\t\t<\/span>\n\t\t\t\t\t\t\t\t\t\t\t\t<a class=\"elementor-accordion-title\" tabindex=\"0\">Automne 2026<\/a>\n\t\t\t\t\t<\/div>\n\t\t\t\t\t<div id=\"elementor-tab-content-9782\" class=\"elementor-tab-content elementor-clearfix\" data-tab=\"2\" role=\"region\" aria-labelledby=\"elementor-tab-title-9782\"><p data-start=\"89\" data-end=\"174\"><strong data-start=\"89\" data-end=\"172\">Automne 2026 \u2014 Niveau Praticien (M\u00e9tropole) \u2014 1 week-end sur 2 (hors Toussaint)<\/strong><\/p><ul data-start=\"175\" data-end=\"367\"><li data-start=\"175\" data-end=\"203\"><p data-start=\"177\" data-end=\"203\"><strong data-start=\"177\" data-end=\"201\">12\u201313 septembre 2026<\/strong><\/p><\/li><li data-start=\"204\" data-end=\"232\"><p data-start=\"206\" data-end=\"232\"><strong data-start=\"206\" data-end=\"230\">26\u201327 septembre 2026<\/strong><\/p><\/li><li data-start=\"233\" data-end=\"259\"><p data-start=\"235\" data-end=\"259\"><strong data-start=\"235\" data-end=\"257\">10\u201311 octobre 2026<\/strong><\/p><\/li><li data-start=\"260\" data-end=\"285\"><p data-start=\"262\" data-end=\"285\"><strong data-start=\"262\" data-end=\"283\">7\u20138 novembre 2026<\/strong><\/p><\/li><li data-start=\"286\" data-end=\"313\"><p data-start=\"288\" data-end=\"313\"><strong data-start=\"288\" data-end=\"311\">21\u201322 novembre 2026<\/strong><\/p><\/li><li data-start=\"314\" data-end=\"367\"><p data-start=\"316\" data-end=\"367\"><strong data-start=\"316\" data-end=\"339\">12\u201313 d\u00e9cembre 2026<\/strong><\/p><\/li><\/ul><\/div>\n\t\t\t\t<\/div>\n\t\t\t\t\t\t\t\t<\/div>\n\t\t\t\t<\/div>\n\t\t\t\t<\/div>\n\t\t\t\t<div class=\"elementor-element elementor-element-d5e93ef elementor-align-center elementor-widget elementor-widget-button\" data-id=\"d5e93ef\" data-element_type=\"widget\" data-widget_type=\"button.default\">\n\t\t\t\t<div class=\"elementor-widget-container\">\n\t\t\t\t\t<div class=\"elementor-button-wrapper\">\n\t\t\t<a class=\"elementor-button elementor-button-link elementor-size-sm\" href=\"https:\/\/aasbena.fr\/index.php\/formations-hypnose-pnl-documents-dinscription-infos-pratiques\/\">\n\t\t\t\t\t\t<span class=\"elementor-button-content-wrapper\">\n\t\t\t\t\t\t<span class=\"elementor-button-text\">s'inscrire<\/span>\n\t\t<\/span>\n\t\t\t\t\t<\/a>\n\t\t<\/div>\n\t\t\t\t<\/div>\n\t\t\t\t<\/div>\n\t\t\t\t<div class=\"elementor-element elementor-element-e429d95 elementor-widget elementor-widget-heading\" data-id=\"e429d95\" data-element_type=\"widget\" data-widget_type=\"heading.default\">\n\t\t\t\t<div class=\"elementor-widget-container\">\n\t\t\t<h2 class=\"elementor-heading-title elementor-size-default\">Zone Cara\u00efbes (Guadeloupe)<\/h2>\t\t<\/div>\n\t\t\t\t<\/div>\n\t\t\t\t<div class=\"elementor-element elementor-element-cdd7364 elementor-widget elementor-widget-accordion\" data-id=\"cdd7364\" data-element_type=\"widget\" data-widget_type=\"accordion.default\">\n\t\t\t\t<div class=\"elementor-widget-container\">\n\t\t\t\t\t<div class=\"elementor-accordion\">\n\t\t\t\t\t\t\t<div class=\"elementor-accordion-item\">\n\t\t\t\t\t<div id=\"elementor-tab-title-2151\" class=\"elementor-tab-title\" data-tab=\"1\" role=\"button\" aria-controls=\"elementor-tab-content-2151\" aria-expanded=\"false\">\n\t\t\t\t\t\t\t\t\t\t\t\t\t<span class=\"elementor-accordion-icon elementor-accordion-icon-left\" aria-hidden=\"true\">\n\t\t\t\t\t\t\t\t\t\t\t\t\t\t\t<span class=\"elementor-accordion-icon-closed\"><i class=\"fas fa-plus\"><\/i><\/span>\n\t\t\t\t\t\t\t\t<span class=\"elementor-accordion-icon-opened\"><i class=\"fas fa-minus\"><\/i><\/span>\n\t\t\t\t\t\t\t\t\t\t\t\t\t\t<\/span>\n\t\t\t\t\t\t\t\t\t\t\t\t<a class=\"elementor-accordion-title\" tabindex=\"0\">Printemps 2026<\/a>\n\t\t\t\t\t<\/div>\n\t\t\t\t\t<div id=\"elementor-tab-content-2151\" class=\"elementor-tab-content elementor-clearfix\" data-tab=\"1\" role=\"region\" aria-labelledby=\"elementor-tab-title-2151\"><p><strong data-start=\"0\" data-end=\"97\">Niveau Technicien (60 h) \u2013 Format intensif (6 jours)<\/strong><br data-start=\"97\" data-end=\"100\" \/>\ud83d\udcc5 <strong data-start=\"103\" data-end=\"138\">Du jeudi 4 au mardi 9 juin 2026<\/strong><br data-start=\"138\" data-end=\"141\" \/>\ud83d\udccd <strong data-start=\"144\" data-end=\"152\">Lieu<\/strong> : Impasse Roland C\u00e9saire, <strong data-start=\"179\" data-end=\"200\">Sainte-Anne 97180<\/strong>, Guadeloupe<\/p><p><strong data-start=\"0\" data-end=\"89\">\u00a0\u2013 Niveau Praticien Format intensif (1re partie : 6 jours \/ 12)<\/strong><br data-start=\"89\" data-end=\"92\" \/>\ud83d\udcc5 <strong data-start=\"95\" data-end=\"144\">Du mercredi 10 au lundi 15 juin 2026 (inclus)<\/strong><br data-start=\"144\" data-end=\"147\" \/>\ud83d\udccd <strong data-start=\"150\" data-end=\"158\">Lieu<\/strong> : Impasse Roland C\u00e9saire, <strong data-start=\"185\" data-end=\"206\">Sainte-Anne 97180<\/strong>, Guadeloupe<\/p><\/div>\n\t\t\t\t<\/div>\n\t\t\t\t\t\t\t<div class=\"elementor-accordion-item\">\n\t\t\t\t\t<div id=\"elementor-tab-title-2152\" class=\"elementor-tab-title\" data-tab=\"2\" role=\"button\" aria-controls=\"elementor-tab-content-2152\" aria-expanded=\"false\">\n\t\t\t\t\t\t\t\t\t\t\t\t\t<span class=\"elementor-accordion-icon elementor-accordion-icon-left\" aria-hidden=\"true\">\n\t\t\t\t\t\t\t\t\t\t\t\t\t\t\t<span class=\"elementor-accordion-icon-closed\"><i class=\"fas fa-plus\"><\/i><\/span>\n\t\t\t\t\t\t\t\t<span class=\"elementor-accordion-icon-opened\"><i class=\"fas fa-minus\"><\/i><\/span>\n\t\t\t\t\t\t\t\t\t\t\t\t\t\t<\/span>\n\t\t\t\t\t\t\t\t\t\t\t\t<a class=\"elementor-accordion-title\" tabindex=\"0\">Automne 2026<\/a>\n\t\t\t\t\t<\/div>\n\t\t\t\t\t<div id=\"elementor-tab-content-2152\" class=\"elementor-tab-content elementor-clearfix\" data-tab=\"2\" role=\"region\" aria-labelledby=\"elementor-tab-title-2152\"><p><strong data-start=\"71\" data-end=\"118\">Niveau Praticien \u2014 2e partie (6 jours \/ 12)<\/strong><br data-start=\"118\" data-end=\"121\" \/>\ud83d\udcc5 <strong data-start=\"124\" data-end=\"177\">Du mardi 24 au dimanche 29 novembre 2026 (inclus)<\/strong><br data-start=\"177\" data-end=\"180\" \/>\ud83d\udccd <strong data-start=\"183\" data-end=\"191\">Lieu<\/strong> : Impasse Roland C\u00e9saire, <strong data-start=\"218\" data-end=\"239\">Sainte-Anne 97180<\/strong>, Guadeloupe<\/p><p><span style=\"color: #ffffff;\"><strong data-start=\"71\" data-end=\"118\">Niveau Praticien \u2014 2e partie (6 jours \/ 12)<\/strong><\/span><br data-start=\"118\" data-end=\"121\" \/><span style=\"color: #ffffff;\">\ud83d\udcc5 <strong data-start=\"124\" data-end=\"177\">Du mardi 24 au dimanche 29 novembre 2026 (inclus)<\/strong><\/span><br data-start=\"177\" data-end=\"180\" \/><span style=\"color: #ffffff;\">\ud83d\udccd <strong data-start=\"183\" data-end=\"191\">Lieu<\/strong> : Impasse Roland C\u00e9saire, <strong data-start=\"218\" data-end=\"239\">Sainte-Anne 97180<\/strong>, Guadeloupe<\/span><\/p><\/div>\n\t\t\t\t<\/div>\n\t\t\t\t\t\t\t\t<\/div>\n\t\t\t\t<\/div>\n\t\t\t\t<\/div>\n\t\t\t\t<div class=\"elementor-element elementor-element-0ff0e24 elementor-align-center elementor-widget elementor-widget-button\" data-id=\"0ff0e24\" data-element_type=\"widget\" data-widget_type=\"button.default\">\n\t\t\t\t<div class=\"elementor-widget-container\">\n\t\t\t\t\t<div class=\"elementor-button-wrapper\">\n\t\t\t<a class=\"elementor-button elementor-button-link elementor-size-sm\" href=\"https:\/\/aasbena.fr\/index.php\/formations-hypnose-pnl-documents-dinscription-infos-pratiques\/\">\n\t\t\t\t\t\t<span class=\"elementor-button-content-wrapper\">\n\t\t\t\t\t\t<span class=\"elementor-button-text\">s'inscrire<\/span>\n\t\t<\/span>\n\t\t\t\t\t<\/a>\n\t\t<\/div>\n\t\t\t\t<\/div>\n\t\t\t\t<\/div>\n\t\t<div class=\"elementor-element elementor-element-668da21 e-con-full e-flex e-con e-child\" data-id=\"668da21\" data-element_type=\"container\" data-settings=\"{&quot;content_width&quot;:&quot;full&quot;}\">\n\t\t\t\t<\/div>\n\t\t\t\t\t<\/div>\n\t\t\t\t<\/div>\n\t\t\t\t\t\t\t<\/div>\n\t\t","protected":false},"excerpt":{"rendered":"<p>Formations Hypnose et PNLSessions \u00e0 venir \u2014 M\u00e9tropole &amp; Cara\u00efbes Zone M\u00e9tropole (Entre Paris\u2013Chartres\u2013Orl\u00e9ans) s&#8217;inscrire Printemps 2026 Printemps 2026 \u2013 Niveau Technicien (60 h) \u2013 Formule 3 week-ends (Zone M\u00e9tropole) 18\u201319 avril 2026 (samedi\/dimanche) 2\u20133 mai 2026 (samedi\/dimanche) 16\u201317 mai 2026 (samedi\/dimanche)\ud83d\udccd Lieu : 33, route d\u2019Artondu, 91150 Ormoy-la-Rivi\u00e8re Automne 2026 Automne 2026 \u2014 Niveau [&hellip;]<\/p>\n","protected":false},"author":1,"featured_media":0,"parent":0,"menu_order":0,"comment_status":"closed","ping_status":"closed","template":"","meta":{"footnotes":""},"class_list":["post-2199","page","type-page","status-publish","hentry"],"_links":{"self":[{"href":"https:\/\/aasbena.fr\/index.php\/wp-json\/wp\/v2\/pages\/2199","targetHints":{"allow":["GET"]}}],"collection":[{"href":"https:\/\/aasbena.fr\/index.php\/wp-json\/wp\/v2\/pages"}],"about":[{"href":"https:\/\/aasbena.fr\/index.php\/wp-json\/wp\/v2\/types\/page"}],"author":[{"embeddable":true,"href":"https:\/\/aasbena.fr\/index.php\/wp-json\/wp\/v2\/users\/1"}],"replies":[{"embeddable":true,"href":"https:\/\/aasbena.fr\/index.php\/wp-json\/wp\/v2\/comments?post=2199"}],"version-history":[{"count":19,"href":"https:\/\/aasbena.fr\/index.php\/wp-json\/wp\/v2\/pages\/2199\/revisions"}],"predecessor-version":[{"id":2252,"href":"https:\/\/aasbena.fr\/index.php\/wp-json\/wp\/v2\/pages\/2199\/revisions\/2252"}],"wp:attachment":[{"href":"https:\/\/aasbena.fr\/index.php\/wp-json\/wp\/v2\/media?parent=2199"}],"curies":[{"name":"wp","href":"https:\/\/api.w.org\/{rel}","templated":true}]}}