{"id":1993,"date":"2023-11-16T00:25:25","date_gmt":"2023-11-15T23:25:25","guid":{"rendered":"https:\/\/aasbena.fr\/?page_id=1993"},"modified":"2023-11-16T00:31:54","modified_gmt":"2023-11-15T23:31:54","slug":"cours-self-defense-kali-arnis-eskrima-ados-adultes","status":"publish","type":"page","link":"https:\/\/aasbena.fr\/index.php\/cours-self-defense-kali-arnis-eskrima-ados-adultes\/","title":{"rendered":"Cours Self d\u00e9fense Kali Arnis Eskrima ados-adultes"},"content":{"rendered":"\t\t<div data-elementor-type=\"wp-page\" data-elementor-id=\"1993\" class=\"elementor elementor-1993\">\n\t\t\t\t\t\t\t<div class=\"elementor-element elementor-element-9f02b11 e-flex e-con-boxed e-con e-parent\" data-id=\"9f02b11\" data-element_type=\"container\" data-settings=\"{&quot;content_width&quot;:&quot;boxed&quot;}\" data-core-v316-plus=\"true\">\n\t\t\t\t\t<div class=\"e-con-inner\">\n\t\t<div class=\"elementor-element elementor-element-9241f84 e-con-full e-flex e-con e-child\" data-id=\"9241f84\" data-element_type=\"container\" data-settings=\"{&quot;content_width&quot;:&quot;full&quot;}\">\n\t\t\t\t<div class=\"elementor-element elementor-element-0c2935d elementor-widget elementor-widget-image\" data-id=\"0c2935d\" data-element_type=\"widget\" data-widget_type=\"image.default\">\n\t\t\t\t<div class=\"elementor-widget-container\">\n\t\t\t<style>\/*! elementor - v3.17.0 - 08-11-2023 *\/\n.elementor-widget-image{text-align:center}.elementor-widget-image a{display:inline-block}.elementor-widget-image a img[src$=\".svg\"]{width:48px}.elementor-widget-image img{vertical-align:middle;display:inline-block}<\/style>\t\t\t\t\t\t\t\t\t\t\t\t<img fetchpriority=\"high\" decoding=\"async\" width=\"1024\" height=\"576\" src=\"https:\/\/aasbena.fr\/wp-content\/uploads\/2023\/11\/WhatsApp-Image-2022-10-25-at-22.48.25-1024x576.jpeg\" class=\"attachment-large size-large wp-image-1999\" alt=\"\" srcset=\"https:\/\/aasbena.fr\/wp-content\/uploads\/2023\/11\/WhatsApp-Image-2022-10-25-at-22.48.25-1024x576.jpeg 1024w, https:\/\/aasbena.fr\/wp-content\/uploads\/2023\/11\/WhatsApp-Image-2022-10-25-at-22.48.25-300x169.jpeg 300w, https:\/\/aasbena.fr\/wp-content\/uploads\/2023\/11\/WhatsApp-Image-2022-10-25-at-22.48.25-768x432.jpeg 768w, https:\/\/aasbena.fr\/wp-content\/uploads\/2023\/11\/WhatsApp-Image-2022-10-25-at-22.48.25-1536x864.jpeg 1536w, https:\/\/aasbena.fr\/wp-content\/uploads\/2023\/11\/WhatsApp-Image-2022-10-25-at-22.48.25-1x1.jpeg 1w, https:\/\/aasbena.fr\/wp-content\/uploads\/2023\/11\/WhatsApp-Image-2022-10-25-at-22.48.25.jpeg 1600w\" sizes=\"(max-width: 1024px) 100vw, 1024px\" \/>\t\t\t\t\t\t\t\t\t\t\t\t\t\t\t<\/div>\n\t\t\t\t<\/div>\n\t\t\t\t<\/div>\n\t\t<div class=\"elementor-element elementor-element-5aa970a e-con-full e-flex e-con e-child\" data-id=\"5aa970a\" data-element_type=\"container\" data-settings=\"{&quot;content_width&quot;:&quot;full&quot;}\">\n\t\t\t\t<div class=\"elementor-element elementor-element-48f091e elementor-widget elementor-widget-text-editor\" data-id=\"48f091e\" data-element_type=\"widget\" data-widget_type=\"text-editor.default\">\n\t\t\t\t<div class=\"elementor-widget-container\">\n\t\t\t<style>\/*! elementor - v3.17.0 - 08-11-2023 *\/\n.elementor-widget-text-editor.elementor-drop-cap-view-stacked .elementor-drop-cap{background-color:#69727d;color:#fff}.elementor-widget-text-editor.elementor-drop-cap-view-framed .elementor-drop-cap{color:#69727d;border:3px solid;background-color:transparent}.elementor-widget-text-editor:not(.elementor-drop-cap-view-default) .elementor-drop-cap{margin-top:8px}.elementor-widget-text-editor:not(.elementor-drop-cap-view-default) .elementor-drop-cap-letter{width:1em;height:1em}.elementor-widget-text-editor .elementor-drop-cap{float:left;text-align:center;line-height:1;font-size:50px}.elementor-widget-text-editor .elementor-drop-cap-letter{display:inline-block}<\/style>\t\t\t\t<p><strong>Pour les Adultes : Une R\u00e9ponse \u00e0 l&#8217;Ins\u00e9curit\u00e9 Croissante<\/strong> Face \u00e0 une ins\u00e9curit\u00e9 grandissante dans la soci\u00e9t\u00e9, le Kali Arnis Eskrima offre aux adultes un moyen efficace de renforcer leur sentiment de s\u00e9curit\u00e9. La pratique r\u00e9guli\u00e8re de cet art martial am\u00e9liore non seulement la condition physique, mais aussi la capacit\u00e9 \u00e0 g\u00e9rer des situations potentiellement dangereuses. Elle permet de d\u00e9velopper une meilleure conscience situationnelle, essentielle pour anticiper et \u00e9viter les dangers. De plus, l&#8217;apprentissage de techniques de self-d\u00e9fense pratiques renforce la confiance en soi, un \u00e9l\u00e9ment cl\u00e9 pour naviguer sereinement dans un environnement parfois incertain.<\/p><p><strong>Un Art Martial Adapt\u00e9 aux D\u00e9fis Modernes<\/strong> Ainsi, le Kali Arnis Eskrima se pr\u00e9sente comme un outil pr\u00e9cieux pour faire face aux d\u00e9fis contemporains. Pour les jeunes confront\u00e9s au harc\u00e8lement scolaire et pour les adultes soucieux de leur s\u00e9curit\u00e9 personnelle, cet art martial offre des comp\u00e9tences pratiques et un renforcement psychologique, contribuant \u00e0 une meilleure qualit\u00e9 de vie.<\/p>\t\t\t\t\t\t<\/div>\n\t\t\t\t<\/div>\n\t\t\t\t<\/div>\n\t\t<div class=\"elementor-element elementor-element-336577f e-con-full e-flex e-con e-child\" data-id=\"336577f\" data-element_type=\"container\" data-settings=\"{&quot;content_width&quot;:&quot;full&quot;}\">\n\t\t\t\t<div class=\"elementor-element elementor-element-6a83f28 elementor-widget elementor-widget-text-editor\" data-id=\"6a83f28\" data-element_type=\"widget\" data-widget_type=\"text-editor.default\">\n\t\t\t\t<div class=\"elementor-widget-container\">\n\t\t\t\t\t\t\t<p><strong>Cours de Kali Arnis Eskrima pour Adultes \u00e0 Outarville<\/strong><\/p><ul><li><strong>Quand ?<\/strong><ul><li>Mardi de 20h00 \u00e0 22h00<\/li><li>Jeudi de 20h15 \u00e0 22h00<\/li><\/ul><\/li><li><strong>O\u00f9 ?<\/strong> Salle des Associations, rue des \u00c9coles, Outarville.<\/li><li><strong>Tarifs :<\/strong><ul><li>90\u20ac par an et par personne pour un cours par semaine (au choix entre mardi ou jeudi).<\/li><li>180\u20ac par an et par personne pour deux cours par semaine (mardi et jeudi).<\/li><\/ul><\/li><\/ul>\t\t\t\t\t\t<\/div>\n\t\t\t\t<\/div>\n\t\t\t\t<\/div>\n\t\t\t\t\t<\/div>\n\t\t\t\t<\/div>\n\t\t\t\t\t\t\t<\/div>\n\t\t","protected":false},"excerpt":{"rendered":"<p>Pour les Adultes : Une R\u00e9ponse \u00e0 l&#8217;Ins\u00e9curit\u00e9 Croissante Face \u00e0 une ins\u00e9curit\u00e9 grandissante dans la soci\u00e9t\u00e9, le Kali Arnis Eskrima offre aux adultes un moyen efficace de renforcer leur sentiment de s\u00e9curit\u00e9. La pratique r\u00e9guli\u00e8re de cet art martial am\u00e9liore non seulement la condition physique, mais aussi la capacit\u00e9 \u00e0 g\u00e9rer des situations potentiellement [&hellip;]<\/p>\n","protected":false},"author":1,"featured_media":0,"parent":0,"menu_order":0,"comment_status":"closed","ping_status":"closed","template":"","meta":{"footnotes":""},"class_list":["post-1993","page","type-page","status-publish","hentry"],"_links":{"self":[{"href":"https:\/\/aasbena.fr\/index.php\/wp-json\/wp\/v2\/pages\/1993","targetHints":{"allow":["GET"]}}],"collection":[{"href":"https:\/\/aasbena.fr\/index.php\/wp-json\/wp\/v2\/pages"}],"about":[{"href":"https:\/\/aasbena.fr\/index.php\/wp-json\/wp\/v2\/types\/page"}],"author":[{"embeddable":true,"href":"https:\/\/aasbena.fr\/index.php\/wp-json\/wp\/v2\/users\/1"}],"replies":[{"embeddable":true,"href":"https:\/\/aasbena.fr\/index.php\/wp-json\/wp\/v2\/comments?post=1993"}],"version-history":[{"count":4,"href":"https:\/\/aasbena.fr\/index.php\/wp-json\/wp\/v2\/pages\/1993\/revisions"}],"predecessor-version":[{"id":2005,"href":"https:\/\/aasbena.fr\/index.php\/wp-json\/wp\/v2\/pages\/1993\/revisions\/2005"}],"wp:attachment":[{"href":"https:\/\/aasbena.fr\/index.php\/wp-json\/wp\/v2\/media?parent=1993"}],"curies":[{"name":"wp","href":"https:\/\/api.w.org\/{rel}","templated":true}]}}