{"id":1977,"date":"2023-11-16T00:16:11","date_gmt":"2023-11-15T23:16:11","guid":{"rendered":"https:\/\/aasbena.fr\/?page_id=1977"},"modified":"2023-11-16T00:29:44","modified_gmt":"2023-11-15T23:29:44","slug":"cours-self-defense-kali-arnis-eskrima-enfants-ados","status":"publish","type":"page","link":"https:\/\/aasbena.fr\/index.php\/cours-self-defense-kali-arnis-eskrima-enfants-ados\/","title":{"rendered":"Cours self d\u00e9fense Kali Arnis Eskrima enfants ados"},"content":{"rendered":"\t\t<div data-elementor-type=\"wp-page\" data-elementor-id=\"1977\" class=\"elementor elementor-1977\">\n\t\t\t\t\t\t\t<div class=\"elementor-element elementor-element-8179de7 e-flex e-con-boxed e-con e-parent\" data-id=\"8179de7\" data-element_type=\"container\" data-settings=\"{&quot;content_width&quot;:&quot;boxed&quot;}\" data-core-v316-plus=\"true\">\n\t\t\t\t\t<div class=\"e-con-inner\">\n\t\t<div class=\"elementor-element elementor-element-96c8f3f e-con-full e-flex e-con e-child\" data-id=\"96c8f3f\" data-element_type=\"container\" data-settings=\"{&quot;content_width&quot;:&quot;full&quot;}\">\n\t\t\t\t<div class=\"elementor-element elementor-element-774249e elementor-widget elementor-widget-image\" data-id=\"774249e\" data-element_type=\"widget\" data-widget_type=\"image.default\">\n\t\t\t\t<div class=\"elementor-widget-container\">\n\t\t\t<style>\/*! elementor - v3.17.0 - 08-11-2023 *\/\n.elementor-widget-image{text-align:center}.elementor-widget-image a{display:inline-block}.elementor-widget-image a img[src$=\".svg\"]{width:48px}.elementor-widget-image img{vertical-align:middle;display:inline-block}<\/style>\t\t\t\t\t\t\t\t\t\t\t\t<img fetchpriority=\"high\" decoding=\"async\" width=\"1024\" height=\"576\" src=\"https:\/\/aasbena.fr\/wp-content\/uploads\/2023\/11\/20231107_194454-1024x576.jpg\" class=\"attachment-large size-large wp-image-1979\" alt=\"\" srcset=\"https:\/\/aasbena.fr\/wp-content\/uploads\/2023\/11\/20231107_194454-1024x576.jpg 1024w, https:\/\/aasbena.fr\/wp-content\/uploads\/2023\/11\/20231107_194454-300x169.jpg 300w, https:\/\/aasbena.fr\/wp-content\/uploads\/2023\/11\/20231107_194454-768x432.jpg 768w, https:\/\/aasbena.fr\/wp-content\/uploads\/2023\/11\/20231107_194454-1536x864.jpg 1536w, https:\/\/aasbena.fr\/wp-content\/uploads\/2023\/11\/20231107_194454-2048x1152.jpg 2048w, https:\/\/aasbena.fr\/wp-content\/uploads\/2023\/11\/20231107_194454-1x1.jpg 1w\" sizes=\"(max-width: 1024px) 100vw, 1024px\" \/>\t\t\t\t\t\t\t\t\t\t\t\t\t\t\t<\/div>\n\t\t\t\t<\/div>\n\t\t\t\t<\/div>\n\t\t<div class=\"elementor-element elementor-element-e56323e e-con-full e-flex e-con e-child\" data-id=\"e56323e\" data-element_type=\"container\" data-settings=\"{&quot;content_width&quot;:&quot;full&quot;}\">\n\t\t\t\t<div class=\"elementor-element elementor-element-bcbcb16 elementor-widget elementor-widget-text-editor\" data-id=\"bcbcb16\" data-element_type=\"widget\" data-widget_type=\"text-editor.default\">\n\t\t\t\t<div class=\"elementor-widget-container\">\n\t\t\t<style>\/*! elementor - v3.17.0 - 08-11-2023 *\/\n.elementor-widget-text-editor.elementor-drop-cap-view-stacked .elementor-drop-cap{background-color:#69727d;color:#fff}.elementor-widget-text-editor.elementor-drop-cap-view-framed .elementor-drop-cap{color:#69727d;border:3px solid;background-color:transparent}.elementor-widget-text-editor:not(.elementor-drop-cap-view-default) .elementor-drop-cap{margin-top:8px}.elementor-widget-text-editor:not(.elementor-drop-cap-view-default) .elementor-drop-cap-letter{width:1em;height:1em}.elementor-widget-text-editor .elementor-drop-cap{float:left;text-align:center;line-height:1;font-size:50px}.elementor-widget-text-editor .elementor-drop-cap-letter{display:inline-block}<\/style>\t\t\t\t<p>Le Kali Arnis Eskrima, reconnu pour son efficacit\u00e9 en self-d\u00e9fense, offre \u00e9galement des avantages significatifs pour le d\u00e9veloppement personnel, adapt\u00e9s aux d\u00e9fis sp\u00e9cifiques rencontr\u00e9s par les enfants, adolescents et adultes dans le contexte actuel.<\/p><p><strong>Pour les Enfants et Adolescents : Un Rem\u00e8de contre le Harc\u00e8lement<\/strong> Dans un contexte o\u00f9 le harc\u00e8lement moral en milieu scolaire est une pr\u00e9occupation croissante, la pratique du Kali Arnis Eskrima peut jouer un r\u00f4le crucial dans l&#8217;armement psychologique des jeunes. En apprenant cet art martial, les enfants et adolescents acqui\u00e8rent non seulement des comp\u00e9tences de d\u00e9fense, mais d\u00e9veloppent aussi une confiance en soi et une r\u00e9silience qui les aident \u00e0 faire face au harc\u00e8lement. La ma\u00eetrise de soi et la discipline acquises \u00e0 travers cet entra\u00eenement peuvent les aider \u00e0 g\u00e9rer les situations de confrontation de mani\u00e8re plus calme et r\u00e9fl\u00e9chie, r\u00e9duisant ainsi leur vuln\u00e9rabilit\u00e9 au harc\u00e8lement.<\/p>\t\t\t\t\t\t<\/div>\n\t\t\t\t<\/div>\n\t\t\t\t<\/div>\n\t\t\t\t\t<\/div>\n\t\t\t\t<\/div>\n\t\t<div class=\"elementor-element elementor-element-84ba88e e-flex e-con-boxed e-con e-parent\" data-id=\"84ba88e\" data-element_type=\"container\" data-settings=\"{&quot;content_width&quot;:&quot;boxed&quot;}\" data-core-v316-plus=\"true\">\n\t\t\t\t\t<div class=\"e-con-inner\">\n\t\t\t\t<div class=\"elementor-element elementor-element-8d75182 elementor-widget elementor-widget-text-editor\" data-id=\"8d75182\" data-element_type=\"widget\" data-widget_type=\"text-editor.default\">\n\t\t\t\t<div class=\"elementor-widget-container\">\n\t\t\t\t\t\t\t<p><strong>Cours de Kali Arnis Eskrima pour Enfants et Adolescents \u00e0 Outarville<\/strong><\/p><ul><li><strong>Quand ?<\/strong> Tous les mardis de 18h30 \u00e0 20h00.<\/li><li><strong>O\u00f9 ?<\/strong> Salle des Associations, rue des \u00c9coles, Outarville.<\/li><li><strong>Tarif :<\/strong> 90\u20ac par an et par enfant.<\/li><\/ul><p>Ces cours sont une excellente opportunit\u00e9 pour les jeunes de s&#8217;initier au Kali Arnis Eskrima.<\/p>\t\t\t\t\t\t<\/div>\n\t\t\t\t<\/div>\n\t\t\t\t\t<\/div>\n\t\t\t\t<\/div>\n\t\t\t\t\t\t\t<\/div>\n\t\t","protected":false},"excerpt":{"rendered":"<p>Le Kali Arnis Eskrima, reconnu pour son efficacit\u00e9 en self-d\u00e9fense, offre \u00e9galement des avantages significatifs pour le d\u00e9veloppement personnel, adapt\u00e9s aux d\u00e9fis sp\u00e9cifiques rencontr\u00e9s par les enfants, adolescents et adultes dans le contexte actuel. Pour les Enfants et Adolescents : Un Rem\u00e8de contre le Harc\u00e8lement Dans un contexte o\u00f9 le harc\u00e8lement moral en milieu scolaire [&hellip;]<\/p>\n","protected":false},"author":1,"featured_media":0,"parent":0,"menu_order":0,"comment_status":"closed","ping_status":"closed","template":"","meta":{"footnotes":""},"class_list":["post-1977","page","type-page","status-publish","hentry"],"_links":{"self":[{"href":"https:\/\/aasbena.fr\/index.php\/wp-json\/wp\/v2\/pages\/1977","targetHints":{"allow":["GET"]}}],"collection":[{"href":"https:\/\/aasbena.fr\/index.php\/wp-json\/wp\/v2\/pages"}],"about":[{"href":"https:\/\/aasbena.fr\/index.php\/wp-json\/wp\/v2\/types\/page"}],"author":[{"embeddable":true,"href":"https:\/\/aasbena.fr\/index.php\/wp-json\/wp\/v2\/users\/1"}],"replies":[{"embeddable":true,"href":"https:\/\/aasbena.fr\/index.php\/wp-json\/wp\/v2\/comments?post=1977"}],"version-history":[{"count":10,"href":"https:\/\/aasbena.fr\/index.php\/wp-json\/wp\/v2\/pages\/1977\/revisions"}],"predecessor-version":[{"id":2002,"href":"https:\/\/aasbena.fr\/index.php\/wp-json\/wp\/v2\/pages\/1977\/revisions\/2002"}],"wp:attachment":[{"href":"https:\/\/aasbena.fr\/index.php\/wp-json\/wp\/v2\/media?parent=1977"}],"curies":[{"name":"wp","href":"https:\/\/api.w.org\/{rel}","templated":true}]}}

Cours self défense Kali Arnis Eskrima enfants ados

<div data-elementor-type="wp-page" data-elementor-id="1977" class="elementor elementor-1977">
							<div class="elementor-element elementor-element-8179de7 e-flex e-con-boxed e-con e-parent" data-id="8179de7" data-element_type="container" data-settings="{&quot;content_width&quot;:&quot;boxed&quot;}" data-core-v316-plus="true">
					<div class="e-con-inner">
		<div class="elementor-element elementor-element-96c8f3f e-con-full e-flex e-con e-child" data-id="96c8f3f" data-element_type="container" data-settings="{&quot;content_width&quot;:&quot;full&quot;}">
				<div class="elementor-element elementor-element-774249e elementor-widget elementor-widget-image" data-id="774249e" data-element_type="widget" data-widget_type="image.default">
				<div class="elementor-widget-container">
			<style>/*! elementor - v3.17.0 - 08-11-2023 */
.elementor-widget-image{text-align:center}.elementor-widget-image a{display:inline-block}.elementor-widget-image a img[src$=".svg"]{width:48px}.elementor-widget-image img{vertical-align:middle;display:inline-block}</style>												<img fetchpriority="high" decoding="async" width="1024" height="576" src="https://aasbena.fr/wp-content/uploads/2023/11/20231107_194454-1024x576.jpg" class="attachment-large size-large wp-image-1979" alt="" srcset="https://aasbena.fr/wp-content/uploads/2023/11/20231107_194454-1024x576.jpg 1024w, https://aasbena.fr/wp-content/uploads/2023/11/20231107_194454-300x169.jpg 300w, https://aasbena.fr/wp-content/uploads/2023/11/20231107_194454-768x432.jpg 768w, https://aasbena.fr/wp-content/uploads/2023/11/20231107_194454-1536x864.jpg 1536w, https://aasbena.fr/wp-content/uploads/2023/11/20231107_194454-2048x1152.jpg 2048w, https://aasbena.fr/wp-content/uploads/2023/11/20231107_194454-1x1.jpg 1w" sizes="(max-width: 1024px) 100vw, 1024px" />															</div>
				</div>
				</div>
		<div class="elementor-element elementor-element-e56323e e-con-full e-flex e-con e-child" data-id="e56323e" data-element_type="container" data-settings="{&quot;content_width&quot;:&quot;full&quot;}">
				<div class="elementor-element elementor-element-bcbcb16 elementor-widget elementor-widget-text-editor" data-id="bcbcb16" data-element_type="widget" data-widget_type="text-editor.default">
				<div class="elementor-widget-container">
			<style>/*! elementor - v3.17.0 - 08-11-2023 */
.elementor-widget-text-editor.elementor-drop-cap-view-stacked .elementor-drop-cap{background-color:#69727d;color:#fff}.elementor-widget-text-editor.elementor-drop-cap-view-framed .elementor-drop-cap{color:#69727d;border:3px solid;background-color:transparent}.elementor-widget-text-editor:not(.elementor-drop-cap-view-default) .elementor-drop-cap{margin-top:8px}.elementor-widget-text-editor:not(.elementor-drop-cap-view-default) .elementor-drop-cap-letter{width:1em;height:1em}.elementor-widget-text-editor .elementor-drop-cap{float:left;text-align:center;line-height:1;font-size:50px}.elementor-widget-text-editor .elementor-drop-cap-letter{display:inline-block}</style>				<p>Le Kali Arnis Eskrima, reconnu pour son efficacité en self-défense, offre également des avantages significatifs pour le développement personnel, adaptés aux défis spécifiques rencontrés par les enfants, adolescents et adultes dans le contexte actuel.</p><p><strong>Pour les Enfants et Adolescents : Un Remède contre le Harcèlement</strong> Dans un contexte où le harcèlement moral en milieu scolaire est une préoccupation croissante, la pratique du Kali Arnis Eskrima peut jouer un rôle crucial dans l&#8217;armement psychologique des jeunes. En apprenant cet art martial, les enfants et adolescents acquièrent non seulement des compétences de défense, mais développent aussi une confiance en soi et une résilience qui les aident à faire face au harcèlement. La maîtrise de soi et la discipline acquises à travers cet entraînement peuvent les aider à gérer les situations de confrontation de manière plus calme et réfléchie, réduisant ainsi leur vulnérabilité au harcèlement.</p>						</div>
				</div>
				</div>
					</div>
				</div>
		<div class="elementor-element elementor-element-84ba88e e-flex e-con-boxed e-con e-parent" data-id="84ba88e" data-element_type="container" data-settings="{&quot;content_width&quot;:&quot;boxed&quot;}" data-core-v316-plus="true">
					<div class="e-con-inner">
				<div class="elementor-element elementor-element-8d75182 elementor-widget elementor-widget-text-editor" data-id="8d75182" data-element_type="widget" data-widget_type="text-editor.default">
				<div class="elementor-widget-container">
							<p><strong>Cours de Kali Arnis Eskrima pour Enfants et Adolescents à Outarville</strong></p><ul><li><strong>Quand ?</strong> Tous les mardis de 18h30 à 20h00.</li><li><strong>Où ?</strong> Salle des Associations, rue des Écoles, Outarville.</li><li><strong>Tarif :</strong> 90€ par an et par enfant.</li></ul><p>Ces cours sont une excellente opportunité pour les jeunes de s&#8217;initier au Kali Arnis Eskrima.</p>						</div>
				</div>
					</div>
				</div>
							</div>

<p>Le Kali Arnis Eskrima, reconnu pour son efficacité en self-défense, offre également des avantages significatifs pour le développement personnel, adaptés aux défis spécifiques rencontrés par les enfants, adolescents et adultes dans le contexte actuel. Pour les Enfants et Adolescents : Un Remède contre le Harcèlement Dans un contexte où le harcèlement moral en milieu scolaire [&hellip;]</p>
