{"id":1909,"date":"2023-11-15T22:27:49","date_gmt":"2023-11-15T21:27:49","guid":{"rendered":"https:\/\/aasbena.fr\/?page_id=1909"},"modified":"2025-09-03T17:18:49","modified_gmt":"2025-09-03T15:18:49","slug":"cours-salsa-cubaine-niveau-debutants","status":"publish","type":"page","link":"https:\/\/aasbena.fr\/index.php\/cours-salsa-cubaine-niveau-debutants\/","title":{"rendered":"Cours salsa cubaine niveau d\u00e9butants"},"content":{"rendered":"\t\t<div data-elementor-type=\"wp-page\" data-elementor-id=\"1909\" class=\"elementor elementor-1909\">\n\t\t\t\t\t\t\t<div class=\"elementor-element elementor-element-87a733b e-flex e-con-boxed e-con e-parent\" data-id=\"87a733b\" data-element_type=\"container\" data-settings=\"{&quot;content_width&quot;:&quot;boxed&quot;}\" data-core-v316-plus=\"true\">\n\t\t\t\t\t<div class=\"e-con-inner\">\n\t\t<div class=\"elementor-element elementor-element-a3e83d0 e-con-full e-flex e-con e-child\" data-id=\"a3e83d0\" data-element_type=\"container\" data-settings=\"{&quot;content_width&quot;:&quot;full&quot;}\">\n\t\t\t\t<div class=\"elementor-element elementor-element-fc80f1a elementor-widget elementor-widget-image\" data-id=\"fc80f1a\" data-element_type=\"widget\" data-widget_type=\"image.default\">\n\t\t\t\t<div class=\"elementor-widget-container\">\n\t\t\t<style>\/*! elementor - v3.17.0 - 08-11-2023 *\/\n.elementor-widget-image{text-align:center}.elementor-widget-image a{display:inline-block}.elementor-widget-image a img[src$=\".svg\"]{width:48px}.elementor-widget-image img{vertical-align:middle;display:inline-block}<\/style>\t\t\t\t\t\t\t\t\t\t\t\t<img fetchpriority=\"high\" decoding=\"async\" width=\"200\" height=\"300\" src=\"https:\/\/aasbena.fr\/wp-content\/uploads\/2025\/09\/9caec6dd-ecd0-4c0e-88b3-74847d6a0e83-200x300.png\" class=\"attachment-medium size-medium wp-image-2127\" alt=\"\" srcset=\"https:\/\/aasbena.fr\/wp-content\/uploads\/2025\/09\/9caec6dd-ecd0-4c0e-88b3-74847d6a0e83-200x300.png 200w, https:\/\/aasbena.fr\/wp-content\/uploads\/2025\/09\/9caec6dd-ecd0-4c0e-88b3-74847d6a0e83-683x1024.png 683w, https:\/\/aasbena.fr\/wp-content\/uploads\/2025\/09\/9caec6dd-ecd0-4c0e-88b3-74847d6a0e83-768x1152.png 768w, https:\/\/aasbena.fr\/wp-content\/uploads\/2025\/09\/9caec6dd-ecd0-4c0e-88b3-74847d6a0e83-1x2.png 1w, https:\/\/aasbena.fr\/wp-content\/uploads\/2025\/09\/9caec6dd-ecd0-4c0e-88b3-74847d6a0e83.png 1024w\" sizes=\"(max-width: 200px) 100vw, 200px\" \/>\t\t\t\t\t\t\t\t\t\t\t\t\t\t\t<\/div>\n\t\t\t\t<\/div>\n\t\t\t\t<div class=\"elementor-element elementor-element-3d02650 elementor-widget elementor-widget-text-editor\" data-id=\"3d02650\" data-element_type=\"widget\" data-widget_type=\"text-editor.default\">\n\t\t\t\t<div class=\"elementor-widget-container\">\n\t\t\t<style>\/*! elementor - v3.17.0 - 08-11-2023 *\/\n.elementor-widget-text-editor.elementor-drop-cap-view-stacked .elementor-drop-cap{background-color:#69727d;color:#fff}.elementor-widget-text-editor.elementor-drop-cap-view-framed .elementor-drop-cap{color:#69727d;border:3px solid;background-color:transparent}.elementor-widget-text-editor:not(.elementor-drop-cap-view-default) .elementor-drop-cap{margin-top:8px}.elementor-widget-text-editor:not(.elementor-drop-cap-view-default) .elementor-drop-cap-letter{width:1em;height:1em}.elementor-widget-text-editor .elementor-drop-cap{float:left;text-align:center;line-height:1;font-size:50px}.elementor-widget-text-editor .elementor-drop-cap-letter{display:inline-block}<\/style>\t\t\t\t<p><span dir=\"auto\" style=\"vertical-align: inherit;\"><span dir=\"auto\" style=\"vertical-align: inherit;\">&#8211; **Lieu** : Salle des Associations, Rue des \u00c9coles, Outarville <\/span><\/span><br \/><span dir=\"auto\" style=\"vertical-align: inherit;\"><span dir=\"auto\" style=\"vertical-align: inherit;\">&#8211; **Horaires** : Tous les jeudis de 20h15 \u00e0 21h30 <\/span><\/span><br \/><span dir=\"auto\" style=\"vertical-align: inherit;\"><span dir=\"auto\" style=\"vertical-align: inherit;\">&#8211; **Tarif** : Participation et adh\u00e9sion annuelle de 90\u20ac par personne <\/span><\/span><br \/><span dir=\"auto\" style=\"vertical-align: inherit;\"><span dir=\"auto\" style=\"vertical-align: inherit;\">&#8211; **Disponibilit\u00e9** : Cours disponibles toute l&#8217;ann\u00e9e, sauf en juillet et ao\u00fbt<\/span><\/span><\/p>\t\t\t\t\t\t<\/div>\n\t\t\t\t<\/div>\n\t\t\t\t<div class=\"elementor-element elementor-element-1ca1df0 elementor-align-center elementor-widget elementor-widget-button\" data-id=\"1ca1df0\" data-element_type=\"widget\" data-widget_type=\"button.default\">\n\t\t\t\t<div class=\"elementor-widget-container\">\n\t\t\t\t\t<div class=\"elementor-button-wrapper\">\n\t\t\t<a class=\"elementor-button elementor-button-link elementor-size-lg\" href=\"https:\/\/forms.gle\/EUaoZgd3D8yGT4LM6\">\n\t\t\t\t\t\t<span class=\"elementor-button-content-wrapper\">\n\t\t\t\t\t\t<span class=\"elementor-button-text\">Inscription en ligne<\/span>\n\t\t<\/span>\n\t\t\t\t\t<\/a>\n\t\t<\/div>\n\t\t\t\t<\/div>\n\t\t\t\t<\/div>\n\t\t\t\t<\/div>\n\t\t<div class=\"elementor-element elementor-element-b7e84b2 e-con-full e-flex e-con e-child\" data-id=\"b7e84b2\" data-element_type=\"container\" data-settings=\"{&quot;content_width&quot;:&quot;full&quot;}\">\n\t\t\t\t<div class=\"elementor-element elementor-element-07460f3 elementor-widget elementor-widget-text-editor\" data-id=\"07460f3\" data-element_type=\"widget\" data-widget_type=\"text-editor.default\">\n\t\t\t\t<div class=\"elementor-widget-container\">\n\t\t\t\t\t\t\t<p>Rejoignez notre cours de salsa cubaine pour d\u00e9butants et plongez dans un monde o\u00f9 la musique et le mouvement se rencontrent. C&#8217;est l&#8217;occasion parfaite pour les couples de renforcer leur lien et d&#8217;ajouter une \u00e9tincelle ludique \u00e0 leur relation. Pour les c\u00e9libataires, c&#8217;est une porte ouverte vers des soir\u00e9es sociales anim\u00e9es, o\u00f9 vous pouvez vous faire des amis et peut-\u00eatre m\u00eame tisser des liens sp\u00e9ciaux, le tout dans une atmosph\u00e8re d\u00e9tendue et joyeuse. Aucune exp\u00e9rience en danse n&#8217;est requise : venez tel que vous \u00eates et laissez-vous emporter par les rythmes envo\u00fbtants de la salsa cubaine !<\/p>\t\t\t\t\t\t<\/div>\n\t\t\t\t<\/div>\n\t\t\t\t<\/div>\n\t\t\t\t\t<\/div>\n\t\t\t\t<\/div>\n\t\t\t\t\t\t\t<\/div>\n\t\t","protected":false},"excerpt":{"rendered":"<p>&#8211; **Lieu** : Salle des Associations, Rue des \u00c9coles, Outarville &#8211; **Horaires** : Tous les jeudis de 20h15 \u00e0 21h30 &#8211; **Tarif** : Participation et adh\u00e9sion annuelle de 90\u20ac par personne &#8211; **Disponibilit\u00e9** : Cours disponibles toute l&#8217;ann\u00e9e, sauf en juillet et ao\u00fbt Inscription en ligne Rejoignez notre cours de salsa cubaine pour d\u00e9butants et [&hellip;]<\/p>\n","protected":false},"author":1,"featured_media":0,"parent":0,"menu_order":0,"comment_status":"closed","ping_status":"closed","template":"","meta":{"footnotes":""},"class_list":["post-1909","page","type-page","status-publish","hentry"],"_links":{"self":[{"href":"https:\/\/aasbena.fr\/index.php\/wp-json\/wp\/v2\/pages\/1909","targetHints":{"allow":["GET"]}}],"collection":[{"href":"https:\/\/aasbena.fr\/index.php\/wp-json\/wp\/v2\/pages"}],"about":[{"href":"https:\/\/aasbena.fr\/index.php\/wp-json\/wp\/v2\/types\/page"}],"author":[{"embeddable":true,"href":"https:\/\/aasbena.fr\/index.php\/wp-json\/wp\/v2\/users\/1"}],"replies":[{"embeddable":true,"href":"https:\/\/aasbena.fr\/index.php\/wp-json\/wp\/v2\/comments?post=1909"}],"version-history":[{"count":10,"href":"https:\/\/aasbena.fr\/index.php\/wp-json\/wp\/v2\/pages\/1909\/revisions"}],"predecessor-version":[{"id":2131,"href":"https:\/\/aasbena.fr\/index.php\/wp-json\/wp\/v2\/pages\/1909\/revisions\/2131"}],"wp:attachment":[{"href":"https:\/\/aasbena.fr\/index.php\/wp-json\/wp\/v2\/media?parent=1909"}],"curies":[{"name":"wp","href":"https:\/\/api.w.org\/{rel}","templated":true}]}}